rime factors of j?
3
Let t(c) = c**3 - 8*c**2 + 7*c + 14. List the prime factors of t(7).
2, 7
Let d be (8/6 - 1)*-3. Let x = 10 - d. What are the prime factors of x?
11
Let i(n) = n**3 + n**2 + 3. Let g be i(0). Suppose v + 5 = 4*l, -g*v + 2*l - 5 = -20. What are the prime factors of v?
7
Let u be 2/(-3 + 1 + 0). Let r = 2 - u. Suppose r*f - 48 = 4*t - 13, 0 = -t - 5. What are the prime factors of f?
5
Suppose -4*j - 8 = -2*m, -5*m = -4*m + 2*j. Suppose 3*t - 4*f - 12 = -m*t, -t - f + 6 = 0. Suppose -o = t*o - 40. List the prime factors of o.
2
List the prime factors of (-1)/(-3) - 11160/(-54).
3, 23
Let o be -2 - (-1)/((-1)/(-14)). Suppose 0*x + 5*w = -3*x + 67, -2*x + 5*w = -28. Let k = x - o. What are the prime factors of k?
7
Suppose -3*t + 10 = -17. Let y = -6 + t. What are the prime factors of 15 - (0/(-2))/y?
3, 5
Suppose 2*j + f = -0 + 1, -4*j - 4*f = 0. Let c be j/2*0 + 2. Suppose -5*q + 5*i = -40, 3 = -2*q - 5*i - c. What are the prime factors of q?
5
Suppose -3*d = -d - 10. Suppose -3*l + d*z + 59 = 0, -3*l - 2*z = -0*z - 31. List the prime factors of l.
13
Let u(v) = -4 + 5*v - 2 + 2*v**2 + 3. List the prime factors of u(-4).
3
Let u be (-2)/9 + (-1680)/(-27). Suppose -u + 2 = -5*n. What are the prime factors of n?
2, 3
Let z be (-13)/39 + (-25)/(-3). Suppose -c + z = -0. List the prime factors of c.
2
Let u = -92 - -187. Suppose 3*p + 2*l = l + 37, u = 5*p - 5*l. List the prime factors of p.
2, 7
Let q(m) = -m + 6. Let t be 0 + 3/3 + 2. Suppose 12 = 2*x - o, t*x - 4*o - 24 = 4. List the prime factors of q(x).
2
Suppose -x + 3*a = 4, -x - 2*x - 2 = a. Let s be 0/(((-3)/(-1))/3). What are the prime factors of 5 + s - (-1 + x)?
7
Let m(i) = -i**3 + 6*i**2 + 2*i. Let h be m(6). Suppose -b + 5*u = -41, -4*b - 5*u + 27 + h = 0. What are the prime factors of b/(-6)*(-18)/4?
2, 3
Let g = -554 + 879. List the prime factors of 1/(-2) + g/10.
2
What are the prime factors of (-2)/(2*(-5)/15)?
3
Let n be 4/14 + (-76)/(-28). Suppose 23 = n*w - 7. Let t = w - 6. List the prime factors of t.
2
Let h(t) = 2*t**2 + 6*t + 7. What are the prime factors of h(-3)?
7
Let d(x) = -6*x**3 + x**2. Let v be d(1). What are the prime factors of ((-19)/v)/(13/65)?
19
Suppose -4*m + 2*j + 21 = -m, -3 = -2*m + 5*j. What are the prime factors of m?
3
Let k = 2 + 3. Suppose -w = 5*x - 22, -7 = 3*w + 4*x - 29. Let o = k + w. What are the prime factors of o?
7
Let h = -4 + 4. Suppose 3*i = -h*i. Suppose -3*l + c + 4*c = -4, -3*c + 12 = i. What are the prime factors of l?
2
Let r = -37 - -150. What are the prime factors of r?
113
Suppose 0 = -5*r + 15, -3*r + 2*r - 12 = -5*u. Suppose -u*t + 30 = -0*t. List the prime factors of t.
2, 5
Suppose -q - 58 = -3*q. List the prime factors of q.
29
Let w(t) be the second derivative of 0 - t**2 - 4*t - 1/6*t**3. List the prime factors of w(-5).
3
Suppose -2*f + 630 = -3*s + 7*s, -5*s + 2*f + 783 = 0. List the prime factors of s.
157
Let g(f) = 3*f + 56. What are the prime factors of g(0)?
2, 7
Let p be (-42)/8 - (-2)/8. Let u = 10 + p. Let y = u + 0. What are the prime factors of y?
5
List the prime factors of (-4)/30 + 3535/75.
47
Suppose -2*a + 4*a - 5*w = -6, a - 12 = -5*w. Suppose -32 = -a*l + 26. What are the prime factors of l?
29
Suppose 4 - 20 = -4*t. Suppose 0*q - t*q = -160. List the prime factors of q.
2, 5
Suppose 2 = -3*g + 5*g. Let f = -2 + 5. Let x = f + g. List the prime factors of x.
2
Suppose 6*i - 18 = -0. List the prime factors of i.
3
Let l(j) = 8*j**3 - j**2 + 6*j - 2. List the prime factors of l(3).
223
Suppose u - 12 = -w + 2*u, -3*w - u = -16. Let v = -3 + w. List the prime factors of v.
2
Let u(n) = n**2 - 6*n + 11. What are the prime factors of u(8)?
3
Suppose 0 = -2*m + 5*q - 3, -4*m - 2*q = -0*q + 18. Let s = m - -16. List the prime factors of s.
2, 3
Let o = -372 + 578. List the prime factors of o.
2, 103
Suppose 181 = 2*f + 45. What are the prime factors of f?
2, 17
Let y = 65 + -37. List the prime factors of y.
2, 7
Let v(o) = -14*o**3 - o**2 - o. Suppose 2*c = -5 + 3. What are the prime factors of v(c)?
2, 7
Let o = -2 - 0. Let s(b) = 2 + b + 0*b - 6*b. What are the prime factors of s(o)?
2, 3
Let w = -64 - -107. What are the prime factors of w?
43
List the prime factors of ((-3*6)/3)/(-2).
3
Let j = 48 - 25. List the prime factors of j.
23
Let b(l) = l**3 + 24*l**2 - 4*l + 57. List the prime factors of b(-24).
3, 17
Suppose -3*r + 9 = g, -3*r + 3*g = -6*r + 9. Suppose -i = r*i - 36. What are the prime factors of i?
3
Let a(z) = 2*z**3 - 14*z**2 - 11*z + 28. List the prime factors of a(8).
2, 17
Let i = -3 + 9. Let q(x) = -x**3 + 6*x**2 - x + 8. Let o be q(i). Suppose -2*y - 2*g = -7*y + 18, 5*y = -o*g + 22. What are the prime factors of y?
2
Let c = 125 + -70. What are the prime factors of c?
5, 11
Let s(z) = -z**2 - 9*z - 1. Let o(k) = 3*k + 2. Suppose 3*w + 12 = 0, 2*w + 0*w = 4*m. Let b be o(m). List the prime factors of s(b).
19
Let x(s) = s - 6. Let o be x(4). Let g be (-2 - o) + (-1 - -5). Suppose 1 = w + 5*j, 3*w + 9 = g*j + 69. List the prime factors of w.
2
Let w be 15/3*10/25. Suppose -o - 4*u + 47 = 0, 0 = -o + w*u + 25 + 4. What are the prime factors of o?
5, 7
Suppose 2*o + 3 = -r, -2*r - o = r - 6. Suppose -5*w - d = -3 - 7, 5*w - 5*d - 40 = 0. Suppose -h - 2 = 2*l - r*l, -2*l = -w*h. List the prime factors of l.
2, 3
Let k = 15 + -12. Suppose -k*c = -171 + 18. What are the prime factors of c?
3, 17
List the prime factors of 460/11 + 2/11.
2, 3, 7
Suppose 12 - 88 = -2*k + 4*a, -3*k = 3*a - 78. What are the prime factors of k?
2, 3, 5
Let s = 66 + -42. What are the prime factors of s?
2, 3
Let k(m) = 2*m**3 + m - 1. Let b be k(1). Suppose 0 = -0*r + b*r - 56. Suppose -r = -6*n + 2*n. List the prime factors of n.
7
Let o(f) = 2*f**2 + 1. Suppose 0 = -3*a - 3 - 0. Let v be o(a). Suppose v*g + 0*g = 33. List the prime factors of g.
11
Let z(k) = k - 1. Let r be z(3). Suppose 56 = r*a + 2*a. List the prime factors of a.
2, 7
Suppose -4*l + 9*l - 50 = 0. Let n = 18 - 12. Suppose l = -4*a + n*a. What are the prime factors of a?
5
Let r = -491 - -746. What are the prime factors of r?
3, 5, 17
Let x be 1 - (-11 + (1 - 0)). Suppose 5*r = -7*c + 3*c - 26, 4*c + 20 = -4*r. Let j = r + x. What are the prime factors of j?
5
Let o = 368 + -633. List the prime factors of (-2)/(-11) - o/55.
5
Suppose 0 = 4*s + 52 + 36. Let j = s + 39. List the prime factors of j.
17
Suppose 0 = -0*s + s - 11. Let t = s - 4. List the prime factors of t.
7
Suppose -5*g = u - 21, g + 2*u - 2 = -5. Let a = 12 - g. List the prime factors of a.
7
Let o(w) = w**3 + 9*w**2 - 10*w + 14. Let t be o(-10). Suppose -s = -2*s + t. What are the prime factors of s?
2, 7
What are the prime factors of 182*(-3)/(-3 - 3)?
7, 13
Let n(y) = y + 23. What are the prime factors of n(18)?
41
Suppose 4*s - 137 + 41 = 0. What are the prime factors of s?
2, 3
Suppose -2*p = -5*i - 19, -2*i + 0*i - 2 = 2*p. Let m(f) = f**3 + 2*f**2 - 3*f - 2. Let o be m(i). List the prime factors of 12/3*(-5)/o.
2, 5
Suppose -3*y = -4*s - 3, -4*s = -2*s - 6. Suppose 3*x + y*d = -x + 35, -5*d = 3*x - 25. List the prime factors of 4/10 - (-106)/x.
11
Suppose 0*v + 4*j + 236 = 4*v, 0 = 2*v + 5*j - 125. What are the prime factors of v?
2, 3, 5
What are the prime factors of (10/(-6))/(-1*5/270)?
2, 3, 5
Suppose -2*t = 3*t. Suppose t = i + 2 - 7. What are the prime factors of i?
5
Suppose 15 = 5*w - d - 0, 3*d + 21 = 3*w. Let z be (-8)/(-6)*(-6 + 0). Let l = w - z. List the prime factors of l.
2, 5
Suppose 0 = -0*v + 4*v - 240. Let f = v - 34. List the prime factors of f.
2, 13
Let q(n) = -7 - 2*n + 2*n - 5*n. What are the prime factors of q(-8)?
3, 11
Let x(o) = -o**3 + 7*o**2 + 2*o - 11. List the prime factors of x(5).
7
Suppose 3*f - k + 43 = 290, -417 = -5*f - k. List the prime factors of f.
83
Suppose -3*q - q + 16 = 0. Suppose 5 - 21 = -q*j. Suppose -3*b = -4*f - 12, 0 = b + j*f - 4. What are the prime factors of b?
2
Let j(s) = s - 2. Let f be j(7). What are the prime factors of (12 - -1) + 15/f?
2
Let u(w) = w**3 + 4*w**2 + 3*w + 4. Let k be u(-3). Let y(x) = 5 - 4 - 6*x**3 - x**2 + 2*x + 3*x**3 + k*x**3. List the prime factors of y(2).
3
Let d be (-18)/(-5)*(-25)/(-15). Suppose 42 - d = 2*c. List the prime factors of c.
2, 3
Let q(z) = -10*z**2 - z. L